t is the remainder when 1516 is divided by 17?
3
What is the remainder when 25 is divided by 17?
8
Calculate the remainder when 49 is divided by 17.
15
Calculate the remainder when 128 is divided by 34.
26
Calculate the remainder when 154 is divided by 12.
10
What is the remainder when 2692 is divided by 55?
52
What is the remainder when 515 is divided by 74?
71
What is the remainder when 3894 is divided by 15?
9
Calculate the remainder when 1116 is divided by 56.
52
What is the remainder when 1213 is divided by 29?
24
What is the remainder when 156 is divided by 55?
46
Calculate the remainder when 202 is divided by 23.
18
Calculate the remainder when 1535 is divided by 193.
184
What is the remainder when 217 is divided by 52?
9
What is the remainder when 332 is divided by 65?
7
What is the remainder when 45 is divided by 10?
5
Calculate the remainder when 661 is divided by 19.
15
Calculate the remainder when 880 is divided by 64.
48
Calculate the remainder when 1175 is divided by 359.
98
Calculate the remainder when 103 is divided by 2.
1
What is the remainder when 12929 is divided by 67?
65
What is the remainder when 81 is divided by 12?
9
What is the remainder when 258 is divided by 94?
70
What is the remainder when 379 is divided by 19?
18
Calculate the remainder when 227 is divided by 12.
11
Calculate the remainder when 235 is divided by 40.
35
Calculate the remainder when 2788 is divided by 695.
8
What is the remainder when 163 is divided by 42?
37
What is the remainder when 41 is divided by 29?
12
What is the remainder when 129 is divided by 25?
4
Calculate the remainder when 3063 is divided by 42.
39
Calculate the remainder when 8748 is divided by 92.
8
Calculate the remainder when 2122 is divided by 122.
48
What is the remainder when 219 is divided by 32?
27
Calculate the remainder when 3170 is divided by 38.
16
What is the remainder when 117 is divided by 10?
7
What is the remainder when 102 is divided by 44?
14
Calculate the remainder when 1819 is divided by 13.
12
Calculate the remainder when 125 is divided by 63.
62
What is the remainder when 83 is divided by 8?
3
Calculate the remainder when 288 is divided by 34.
16
What is the remainder when 3550 is divided by 74?
72
What is the remainder when 196 is divided by 25?
21
What is the remainder when 302 is divided by 13?
3
What is the remainder when 2393 is divided by 300?
293
Calculate the remainder when 1568 is divided by 10.
8
Calculate the remainder when 18 is divided by 17.
1
What is the remainder when 7694 is divided by 57?
56
What is the remainder when 2105 is divided by 34?
31
What is the remainder when 453 is divided by 17?
11
Calculate the remainder when 309 is divided by 72.
21
Calculate the remainder when 4290 is divided by 148.
146
What is the remainder when 365 is divided by 46?
43
What is the remainder when 370 is divided by 125?
120
What is the remainder when 1090 is divided by 28?
26
What is the remainder when 4768 is divided by 48?
16
Calculate the remainder when 3178 is divided by 43.
39
What is the remainder when 12 is divided by 1?
0
What is the remainder when 59 is divided by 12?
11
What is the remainder when 264 is divided by 89?
86
Calculate the remainder when 426 is divided by 73.
61
What is the remainder when 162 is divided by 21?
15
Calculate the remainder when 10162 is divided by 22.
20
What is the remainder when 423 is divided by 43?
36
What is the remainder when 561 is divided by 6?
3
Calculate the remainder when 6717 is divided by 1341.
12
What is the remainder when 177 is divided by 36?
33
Calculate the remainder when 734 is divided by 231.
41
What is the remainder when 508 is divided by 201?
106
What is the remainder when 258 is divided by 87?
84
What is the remainder when 343 is divided by 192?
151
What is the remainder when 542 is divided by 15?
2
What is the remainder when 60 is divided by 12?
0
Calculate the remainder when 550 is divided by 23.
21
What is the remainder when 2196 is divided by 2182?
14
What is the remainder when 1999 is divided by 37?
1
Calculate the remainder when 301 is divided by 38.
35
Calculate the remainder when 132 is divided by 71.
61
Calculate the remainder when 1041 is divided by 18.
15
Calculate the remainder when 75 is divided by 16.
11
Calculate the remainder when 13270 is divided by 6.
4
What is the remainder when 203 is divided by 122?
81
What is the remainder when 167 is divided by 9?
5
Calculate the remainder when 324 is divided by 109.
106
What is the remainder when 714 is divided by 252?
210
What is the remainder when 2193 is divided by 156?
9
What is the remainder when 605 is divided by 101?
100
Calculate the remainder when 5436 is divided by 160.
156
What is the remainder when 1758 is divided by 84?
78
What is the remainder when 4742 is divided by 2367?
8
What is the remainder when 2192 is divided by 374?
322
Calculate the remainder when 336 is divided by 308.
28
What is the remainder when 274 is divided by 72?
58
Calculate the remainder when 486 is divided by 8.
6
Calculate the remainder when 131 is divided by 41.
8
Calculate the remainder when 935 is divided by 52.
51
Calculate the remainder when 82 is divided by 42.
40
Calculate the remainder when 543 is divided by 58.
21
What is the remainder when 314 is divided by 9?
8
Calculate the remainder when 206 is divided by 42.
38
What is the remainder when 1390 is divided by 16?
14
Calculate the remainder when 2313 is divided by 58.
51
Calculate the remainder when 515 is divided by 501.
14
Calculate the remainder when 355 is divided by 118.
1
Calculate the remainder when 3131 is divided by 116.
115
What is the remainder when 43 is divided by 9?
7
What is the remainder when 37 is divided by 9?
1
Calculate the remainder when 3017 is divided by 132.
113
What is the remainder when 270 is divided by 23?
17
What is the remainder when 574 is divided by 18?
16
What is the remainder when 5777 is divided by 2881?
15
Calculate the remainder when 19955 is divided by 12.
11
What is the remainder when 92 is divided by 36?
20
Calculate the remainder when 480 is divided by 148.
36
Calculate the remainder when 1565 is divided by 8.
5
Calculate the remainder when 233 is divided by 50.
33
What is the remainder when 93 is divided by 77?
16
Calculate the remainder when 258 is divided by 10.
8
What is the remainder when 3826 is divided by 116?
114
Calculate the remainder when 321 is divided by 65.
61
Calculate the remainder when 1079 is divided by 107.
9
Calculate the remainder when 265 is divided by 26.
5
Calculate the remainder when 236 is divided by 117.
2
Calculate the remainder when 29 is divided by 6.
5
What is the remainder when 897 is divided by 36?
33
Calculate the remainder when 2070 is divided by 227.
27
What is the remainder when 333 is divided by 84?
81
Calculate the remainder when 432 is divided by 108.
0
Calculate the remainder when 300 is divided by 76.
72
Calculate the remainder when 8337 is divided by 2775.
12
Calculate the remainder when 1539 is divided by 510.
9
Calculate the remainder when 1000 is divided by 8.
0
Calculate the remainder when 435 is divided by 23.
21
Calculate the remainder when 28 is divided by 16.
12
What is the remainder when 28 is divided by 3?
1
What is the remainder when 325 is divided by 55?
50
What is the remainder when 476 is divided by 105?
56
What is the remainder when 361 is divided by 141?
79
Calculate the remainder when 1161 is divided by 167.
159
What is the remainder when 185 is divided by 7?
3
What is the remainder when 237 is divided by 14?
13
Calculate the remainder when 239 is divided by 22.
19
Calculate the remainder when 1848 is divided by 367.
13
Calculate the remainder when 587 is divided by 189.
20
What is the remainder when 15877 is divided by 17?
16
Calculate the remainder when 268 is divided by 23.
15
Calculate the remainder when 82 is divided by 4.
2
What is the remainder when 1170 is divided by 253?
158
Calculate the remainder when 277 is divided by 23.
1
Calculate the remainder when 100 is divided by 42.
16
Calculate the remainder when 278 is divided by 93.
92
Calculate the remainder when 341 is divided by 38.
37
What is the remainder when 955 is divided by 48?
43
What is the remainder when 599 is divided by 30?
2